71. Let o be t(2). What is the greatest common factor of o and 1717?
17
Let f be 4/(2/(-10) - (-148)/690). Let p(i) = -i**3 - 35*i**2 + 31*i - 168. Let k be p(-36). Calculate the highest common divisor of f and k.
12
Let h = -35477 - -35481. Calculate the greatest common factor of h and 4484.
4
Let a(d) = -d**2 + d. Let g be a(0). Suppose 4*r = -6*i + 4*i + 812, 2*r - 3*i - 414 = g. Let l = -24451 - -24463. What is the highest common factor of r and l?
12
Let n(a) = a**2 + 9*a + 27. Let y be n(-7). Let c = 14 + -12. Suppose c*u + u - 576 = -5*z, -u = 3. Calculate the highest common factor of z and y.
13
Suppose 0 = -23*n + 154423 + 80752. Calculate the highest common divisor of 25 and n.
25
Let f be -23*8/(-10) - 54/135. Suppose 6*h - 162 = f. Let q be 2/(-7) + (-6936)/(-21). What is the greatest common divisor of q and h?
30
Suppose 0 = -q - 5*j + 4663, 27*q - 9354 = 25*q - 3*j. What is the highest common divisor of q and 357?
21
Let g be 119/35 + 29172/195. Let w(m) = 103*m**2 - 1. Let c be w(-1). Calculate the greatest common divisor of c and g.
51
Let o be (-10)/(-4)*10/(-175)*-42. Calculate the greatest common factor of o and 1758.
6
Let m be (-8)/(-10)*(-6 - -7)*(-165)/(-6). What is the greatest common divisor of 363 and m?
11
Suppose 2*b - b + 4174 = 5*j, 3*j + 5*b - 2482 = 0. Calculate the greatest common divisor of j and 6.
6
Let q = 10975 - 10780. What is the highest common factor of 49530 and q?
195
Let m = 5072 + -5055. What is the greatest common divisor of m and 5219?
17
Let g(j) = 3*j**2 - 5*j - 21. Let c be g(-4). Suppose 3*n = -5*p + 24 + 687, 3*p - 413 = 5*n. What is the greatest common divisor of c and p?
47
Suppose 0 = -275*l + 278*l - 18. Let s be 206/4 + (-1)/l*9. What is the highest common factor of s and 150?
50
Suppose 4*u - 59*n - 2132 = -64*n, 5*n = 20. Calculate the highest common factor of u and 704.
176
Let p(h) = -h**3 - h**2 - 5*h - 6. Let i be p(-3). Let d be 505/45 + (-6)/i. What is the highest common divisor of d and 88?
11
Let u(d) = 395*d - 3528. Let j be u(9). Let c = 0 - -4. Suppose 5*l - 12 = -c*b + 131, 5*l - b = 133. Calculate the highest common factor of j and l.
27
Let c = 1232 + -1239. Let l(t) = -3*t - t - 4 + t. Let i be l(c). What is the highest common divisor of i and 119?
17
Let t = -7222 - -7310. What is the greatest common divisor of t and 1584?
88
Suppose 14*f + 4323 = 25*f. Suppose 0 = 3*z - 2*y - f - 116, 2*z - 342 = 4*y. What is the greatest common factor of z and 13?
13
Let r = -256 + 486. Let h(o) = -109*o + 10058. Let x be h(92). What is the greatest common divisor of x and r?
10
Let f(h) = 117*h + 3010. Let a be f(-23). Calculate the greatest common factor of 44 and a.
11
Suppose 0 = -2*s - 5*s + 161. Suppose 0 = -40*a + 35*a + 1495. Calculate the greatest common divisor of a and s.
23
Let k(a) = -a**3 + 26*a**2 + 104*a - 80. Let j be k(29). Calculate the greatest common factor of j and 118.
59
Let k be 3*(-7)/(42/(-640)). Suppose 36 = 3*v + 4*q, -5*v - q + 48 = -46. What is the highest common factor of v and k?
20
Suppose 180 = 5*g - 25*g. Let c be 1 - -321 - (g - -2). Calculate the greatest common divisor of 14 and c.
7
Suppose 6*v = 4*v + 24. Let z be 0 + -1*(-5 + 0). Suppose -5*j + 480 = z*j. What is the highest common divisor of j and v?
12
Suppose -45*z + 89*z - 1760 = 0. Let v be 4/(72/33)*16*3. What is the greatest common factor of v and z?
8
Let v be (-13647)/15 - 36/(-45). Let j = 933 + v. Suppose -12 = 3*s - 7*s. Calculate the highest common divisor of j and s.
3
Let y = 699 - 611. Let r = 26 + -2. What is the highest common divisor of r and y?
8
Let d(g) = g**3 + 5*g**2 - 9*g + 7. Let m be d(-6). Let x be (m/15 - 1)*51. Let j = 38 - x. What is the greatest common factor of j and 6?
2
Suppose 0 = a + 7*a + 96. Let b be (a/10)/(24/60). Let n be ((-4)/12 - b)/(1/12). What is the highest common factor of 8 and n?
8
Suppose 5004 = 18*o - 165 - 1797. What is the greatest common factor of 117 and o?
9
Let h = -829 - -949. Calculate the highest common factor of h and 168.
24
Let w = 3526 + -3389. Calculate the highest common factor of w and 32469.
137
Let f = 79 - -75. Let u be (5/(-10) - -1)/(1/770). What is the highest common factor of f and u?
77
Suppose 6*u + 3*u = 252. Suppose 5*m + 3*m = 136. Suppose -8*r = -m*r + 63. Calculate the greatest common factor of u and r.
7
Suppose 96*q - 1753 - 9767 = 0. Calculate the greatest common factor of 552 and q.
24
Let u(f) be the third derivative of f**5/60 - f**4/12 + f**2. Let y be u(3). Let l = 13711 + -13687. Calculate the highest common divisor of y and l.
3
Let v = -19617 + 59469. What is the greatest common divisor of v and 246?
246
Let i(q) = -1030*q + 539. Let f be i(-24). Calculate the greatest common factor of 13 and f.
13
Suppose 4344 = 6*g - 2*g. Let k be 8/10 + g/30. Let m = -239 + 276. What is the highest common divisor of m and k?
37
Let k be (2460/9 + 2)*(28 + 132/(-6)). Calculate the greatest common divisor of k and 70.
14
Let o = 14828 - 14594. What is the greatest common divisor of 84 and o?
6
Suppose 331*f - 24707 = 329*f - 9*j, 0 = f - 2*j - 12386. What is the greatest common divisor of f and 26?
26
Suppose -3*l = -4*f - f + 40, 4*f = 3*l + 35. Suppose 0 = f*s - 10*h + 5*h - 1080, 658 = 3*s - h. Calculate the highest common divisor of s and 34.
17
Let t(c) = c**3 + 6*c**2 - 6*c + 15. Let f = -66 - -59. Let v be t(f). Let d be (-2)/7 + (-745)/(-35) - -3. Calculate the greatest common divisor of d and v.
8
Suppose -27*t + 31*t = 0. Suppose t = -3*l - 16 + 160. What is the greatest common factor of 24 and l?
24
Let l = -140 - -154. Suppose 0 = 4*x + 5*n - 35, -l + 0 = -x + 4*n. Calculate the highest common divisor of 10 and x.
10
Suppose -7*r + 28 = -14. Let z be ((-24)/r)/(4/(-19)). What is the highest common divisor of 209 and z?
19
Suppose -7*k - 3*p + 168 = -2*k, 0 = -k + 2*p + 31. Let u be (-1 + -69)*66/10. Let h be u/(-7) + 0 + 0. Calculate the highest common divisor of h and k.
33
Let i = 25067 + -14606. Calculate the highest common factor of i and 33.
33
Let j be (27/(-6) + 6)*(-2)/(-3). Let f be 4*1 - (-27 + j). What is the greatest common divisor of f and 75?
15
Let m(o) = 12*o + 7 - 5*o + 1. Let l be m(6). Let n = -458 - -478. What is the greatest common divisor of l and n?
10
Let o = -145 + 141. Let l be ((-6)/4*8)/(o - -2). Let y = 3 - -1. Calculate the highest common divisor of l and y.
2
Suppose 0 = -2*j + h - 5, 2*j - 5*h + 25 = 8. Let f(s) = 37*s**2 - 3*s - 1. Let n be f(j). Calculate the greatest common factor of 78 and n.
39
Suppose 743*f - 7581 = 724*f. Calculate the highest common divisor of f and 4123.
133
Let m(y) = -y**2 - 10*y + 56. Let x be m(-14). Suppose 3*f - 3*p + 8*p - 52 = x, -10 = -f + 2*p. What is the highest common factor of 112 and f?
14
Let k(m) = 17*m + 1. Let b be k(1). Let u = -177 + 171. Let y be u/(-45) + 2226*(-4)/(-45). What is the highest common factor of b and y?
18
Let r = 90 - 125. Suppose -4*u = z + 123, 3*u + 73 = z - 21. Let v = u - r. What is the greatest common divisor of v and 16?
4
Let a(q) = -q**2 + 7*q + 38. Let v be a(9). Let y = 364 + -348. Calculate the greatest common factor of y and v.
4
Suppose 0 = -2*t + 3*v - 33, -3*t + 37 = -6*t + 2*v. Let w(p) = -2*p**3 - 17*p**2 + 4*p - 25. Let r be w(t). Calculate the highest common divisor of 320 and r.
20
Suppose -24*a + 32*a = 626 + 1726. Calculate the highest common divisor of 3 and a.
3
Let d(l) = 5 - 15 - 20*l - 55. Let i be d(-4). What is the highest common factor of i and 75?
15
Let f(o) = 2*o**2 - 7*o - 69. Let q be f(17). Let p be 150/24*72/15. What is the greatest common divisor of q and p?
30
Let a(g) = 31*g - 1. Let c be a(5). Suppose -5*i + 2*b - 27 + 165 = 0, -4*i + 4*b + 108 = 0. Calculate the greatest common factor of c and i.
14
Let x(c) = 9*c + 30. Let m be x(-4). Let k be (m/4)/(38/(-32) - -1). What is the highest common factor of 64 and k?
8
Suppose 0 = -14*a - 9*a + 414. Suppose -48 = -a*p + 12*p. What is the greatest common divisor of 20 and p?
4
Let k = 3832 - 1207. What is the highest common divisor of 147 and k?
21
Let a(u) = 20*u**2 - 80*u - 764. Let l be a(-9). Calculate the greatest common divisor of l and 16.
8
Let v = -128 - -153. Suppose -180 = 23*o - v*o. What is the highest comm